{"id":2,"date":"2008-12-27T15:39:36","date_gmt":"2008-12-27T14:39:36","guid":{"rendered":"http:\/\/localhost\/wordpress\/?page_id=2"},"modified":"2010-03-02T11:56:46","modified_gmt":"2010-03-02T11:56:46","slug":"about","status":"publish","type":"page","link":"http:\/\/www.wickedvan.eu\/?page_id=2","title":{"rendered":"About"},"content":{"rendered":"<p>This website tells you any news about my camper van project.<\/p>\n<p>noch was&#8230;<\/p>\n<h2>Haftungsausschluss (Disclaimer)<\/h2>\n<p style=\"font-size: x-small;\">Quelle: eRecht24.de<\/p>\n<h4>Haftung f\u00fcr Inhalte<\/h4>\n<p>Die Inhalte unserer Seiten wurden mit gr\u00f6\u00dfter Sorgfalt erstellt.        F\u00fcr die Richtigkeit, Vollst\u00e4ndigkeit und Aktualit\u00e4t der Inhalte        k\u00f6nnen wir jedoch keine Gew\u00e4hr \u00fcbernehmen.<\/p>\n<p>Als Diensteanbieter sind wir gem\u00e4\u00df \u00a7 7 Abs.1 TMG f\u00fcr        eigene Inhalte auf diesen Seiten nach den allgemeinen Gesetzen verantwortlich.        Nach \u00a7\u00a7 8 bis 10 TMG sind wir als Diensteanbieter jedoch nicht        verpflichtet, \u00fcbermittelte oder gespeicherte fremde Informationen zu        \u00fcberwachen oder nach Umst\u00e4nden zu forschen, die auf eine rechtswidrige        T\u00e4tigkeit hinweisen. Verpflichtungen zur Entfernung oder Sperrung der        Nutzung von Informationen nach den allgemeinen Gesetzen bleiben hiervon        unber\u00fchrt. Eine diesbez\u00fcgliche Haftung ist jedoch erst ab dem        Zeitpunkt der Kenntnis einer konkreten Rechtsverletzung m\u00f6glich. Bei        bekannt werden von entsprechenden Rechtsverletzungen werden wir diese Inhalte        umgehend entfernen.<\/p>\n<h4>Haftung f\u00fcr Links<\/h4>\n<p>Unser Angebot enth\u00e4lt Links zu externen Webseiten Dritter, auf deren        Inhalte wir keinen Einfluss haben. Deshalb k\u00f6nnen wir f\u00fcr diese        fremden Inhalte auch keine Gew\u00e4hr \u00fcbernehmen. F\u00fcr die Inhalte        der verlinkten Seiten ist stets der jeweilige Anbieter oder Betreiber der        Seiten verantwortlich. Die verlinkten Seiten wurden zum Zeitpunkt der Verlinkung        auf m\u00f6gliche Rechtsverst\u00f6\u00dfe \u00fcberpr\u00fcft. Rechtswidrige        Inhalte waren zum Zeitpunkt der Verlinkung nicht erkennbar. Eine permanente        inhaltliche Kontrolle der verlinkten Seiten ist jedoch ohne konkrete Anhaltspunkte        einer Rechtsverletzung nicht zumutbar. Bei Bekanntwerden von Rechtsverletzungen        werden wir derartige Links umgehend entfernen.<\/p>\n<h4>Urheberrecht<\/h4>\n<p>Die durch die Seitenbetreiber erstellten Inhalte und Werke auf diesen Seiten unterliegen dem deutschen Urheberrecht. Die Vervielf\u00e4ltigung, Bearbeitung, Verbreitung und jede Art der Verwertung au\u00dferhalb der Grenzen des Urheberrechtes bed\u00fcrfen der schriftlichen Zustimmung des jeweiligen Autors bzw. Erstellers. Downloads und Kopien dieser Seite sind nur f\u00fcr den privaten, nicht kommerziellen Gebrauch gestattet. Soweit die Inhalte auf dieser Seite nicht vom Betreiber erstellt wurden, werden die Urheberrechte Dritter beachtet. Insbesondere werden Inhalte Dritter als solche gekennzeichnet. Sollten Sie trotzdem auf eine Urheberrechtsverletzung aufmerksam werden, bitten wir um einen entsprechenden Hinweis. Bei Bekanntwerden von Rechtsverletzungen werden wir derartige Inhalte umgehend entfernen.<\/p>\n<h4>Datenschutz<\/h4>\n<p>Die Nutzung unserer Webseite ist in der Regel ohne Angabe personenbezogener Daten m\u00f6glich. Soweit auf unseren Seiten personenbezogene Daten (beispielsweise Name, Anschrift oder eMail-Adressen) erhoben werden, erfolgt dies, soweit m\u00f6glich, stets auf freiwilliger Basis. Diese Daten werden ohne Ihre ausdr\u00fcckliche Zustimmung nicht an Dritte weitergegeben.<\/p>\n<p>Wir weisen darauf hin, dass die Daten\u00fcbertragung im Internet (z.B.        bei der Kommunikation per E-Mail) Sicherheitsl\u00fccken aufweisen kann.        Ein l\u00fcckenloser Schutz der Daten vor dem Zugriff durch Dritte ist nicht        m\u00f6glich.<\/p>\n<p>Der Nutzung von im Rahmen der Impressumspflicht ver\u00f6ffentlichten Kontaktdaten        durch Dritte zur \u00dcbersendung von nicht ausdr\u00fccklich angeforderter        Werbung und Informationsmaterialien wird hiermit ausdr\u00fccklich widersprochen.        Die Betreiber der Seiten behalten sich ausdr\u00fccklich rechtliche Schritte        im Falle der unverlangten Zusendung von Werbeinformationen, etwa durch Spam-Mails,        vor.<\/p>\n","protected":false},"excerpt":{"rendered":"<p>This website tells you any news about my camper van project. noch was&#8230; Haftungsausschluss (Disclaimer) Quelle: eRecht24.de Haftung f\u00fcr Inhalte Die Inhalte unserer Seiten wurden mit gr\u00f6\u00dfter Sorgfalt erstellt. F\u00fcr die Richtigkeit, Vollst\u00e4ndigkeit und Aktualit\u00e4t der Inhalte k\u00f6nnen wir jedoch keine Gew\u00e4hr \u00fcbernehmen. Als Diensteanbieter sind wir gem\u00e4\u00df \u00a7 7 Abs.1 TMG f\u00fcr eigene Inhalte [&hellip;]<\/p>\n","protected":false},"author":1,"featured_media":0,"parent":0,"menu_order":0,"comment_status":"closed","ping_status":"closed","template":"","meta":{"footnotes":""},"class_list":["post-2","page","type-page","status-publish","hentry"],"_links":{"self":[{"href":"http:\/\/www.wickedvan.eu\/index.php?rest_route=\/wp\/v2\/pages\/2","targetHints":{"allow":["GET"]}}],"collection":[{"href":"http:\/\/www.wickedvan.eu\/index.php?rest_route=\/wp\/v2\/pages"}],"about":[{"href":"http:\/\/www.wickedvan.eu\/index.php?rest_route=\/wp\/v2\/types\/page"}],"author":[{"embeddable":true,"href":"http:\/\/www.wickedvan.eu\/index.php?rest_route=\/wp\/v2\/users\/1"}],"replies":[{"embeddable":true,"href":"http:\/\/www.wickedvan.eu\/index.php?rest_route=%2Fwp%2Fv2%2Fcomments&post=2"}],"version-history":[{"count":7,"href":"http:\/\/www.wickedvan.eu\/index.php?rest_route=\/wp\/v2\/pages\/2\/revisions"}],"predecessor-version":[{"id":279,"href":"http:\/\/www.wickedvan.eu\/index.php?rest_route=\/wp\/v2\/pages\/2\/revisions\/279"}],"wp:attachment":[{"href":"http:\/\/www.wickedvan.eu\/index.php?rest_route=%2Fwp%2Fv2%2Fmedia&parent=2"}],"curies":[{"name":"wp","href":"https:\/\/api.w.org\/{rel}","templated":true}]}}